 17*j + t + 4 - 23*j. What is the remainder when k(-6) is divided by 12?
10
Let i be (8 + -5)/(6/10). Suppose -f - 4*f = 3*s - 1, -3*f + 21 = -i*s. Suppose 0 = -g + f*g - 28. What is the remainder when 81 is divided by g?
25
Let q(p) = -p**3 - p**2 + p. Let k(c) = 4*c**3 - 3*c**2 + c + 1. Let w(b) = k(b) - 3*q(b). Let v = -373 + 374. What is the remainder when 22 is divided by w(v)?
4
Let y(h) = h**2 + 7*h + 9. Let k be y(-6). Calculate the remainder when 4/6 - (-28)/3 is divided by 0 + k + -2 + 2.
1
Suppose -281 = -5*h + 4*b, -4 = -2*h - 3*b + 90. Calculate the remainder when h is divided by 26.
1
Let o(g) = 7*g - 2. What is the remainder when 41 is divided by o(2)?
5
Let m = 1169 - 1035. Calculate the remainder when m is divided by 34.
32
Let d(u) = -u**3 - 5*u**2 - 19*u - 8. What is the remainder when d(-6) is divided by 72?
70
Let z(f) = f**3 + f**2 - 23*f - 13. What is the remainder when 61 is divided by z(5)?
17
Let b = 1863 - 1789. Let g(o) = o**2 - 6*o + 6. Let l be g(4). Calculate the remainder when b is divided by l/(-10) + (-188)/(-10).
17
Let d = -588 - -628. Calculate the remainder when 74 is divided by d.
34
Let j = 1 + -16. Suppose 5*d - 350 = -2*d. Let w = d - j. Calculate the remainder when w is divided by 17.
14
Suppose 16*b + 1683 = 49*b. What is the remainder when 167 is divided by b?
14
Suppose -17*t - t + 198 = 0. Calculate the remainder when 172 is divided by t.
7
Let y(b) = b**3 - 4*b**2 - 4*b - 7. Let u be y(5). Calculate the remainder when 2*((-33)/u + 2) is divided by 10.
7
Let c(b) = b + 5. Let y be 0*(2 + (-5)/2). Suppose 83*q = 59*q + 288. Calculate the remainder when q is divided by c(y).
2
Let f = 183 - 160. Calculate the remainder when 30 is divided by f.
7
Suppose 0 = 3*c - 6 + 39. What is the remainder when 117 is divided by (3 + -2)/(c/(-440))?
37
Let m = -69 - -79. Calculate the remainder when (1 - -1)/(m/385) is divided by 13.
12
Let z = 27 - 24. Let d(k) = 3*k**2 - 8*k + 5. Calculate the remainder when 29 is divided by d(z).
5
Let b(w) = 11*w + 117. Calculate the remainder when 25 is divided by b(-10).
4
Let b(r) = 30*r**2 + r. Calculate the remainder when b(2) is divided by 7.
3
What is the remainder when 115 is divided by ((-66)/(-12) + -7)*-2?
1
Suppose 0 = 7*c - 45 + 10. Suppose 3*k = -3*y - k + 20, 2*y = 2*k + 4. Calculate the remainder when c is divided by y.
1
Let g(l) = -l**2 - 21*l. Let b be g(-21). Suppose 692 = -b*c + 4*c. What is the remainder when c is divided by 16?
13
Suppose -24*u = -130 - 110. Suppose -106 = -3*q + c, -q = 2*c - 27 + 1. Let n = q - u. What is the remainder when 69 is divided by n?
21
Suppose -5*m = -f - 222, -3*f + 51 = m - f. What is the remainder when 175 is divided by m?
40
Suppose -81 = -3*a + 2*m, -7*a - 5*m + 85 = -3*a. Let g = -12 + 26. Calculate the remainder when a is divided by g.
11
Calculate the remainder when 527 is divided by ((-95)/(-20))/((-2)/(-32)).
71
Let z = 42 + -17. Suppose 5*n = -5*m + 30, 3*m = -5*n + 10 + 14. Suppose 2*c = n*c - 14. What is the remainder when z is divided by c?
11
Let v be 5/(-2)*54/(-45). Suppose 0 = -0*g + v*g - 69. Calculate the remainder when g is divided by 9.
5
Suppose 5*c = 3*c + 298. Suppose -19 = 3*m - a - 171, -c = -3*m + 4*a. Suppose 0 = 3*w, 18 + 47 = 5*u - 3*w. What is the remainder when m is divided by u?
12
Let n(g) = 19*g**2 - 5*g + 7. Calculate the remainder when n(3) is divided by 42.
37
Let a be (0 - 10/2)*(-876)/(-30). Let r = a + 166. What is the remainder when r is divided by 11?
9
Let z(r) = -r**2 + 6*r + 2. Let i be z(6). Let x be -43*i*(-1)/2. Let k = x + -26. Calculate the remainder when 32 is divided by k.
15
Suppose -220 = -2*p + 2*y + 1540, -p + 2*y + 879 = 0. What is the remainder when p is divided by 98?
97
Let c = -124 + 52. Let l = 124 + c. What is the remainder when l is divided by 19?
14
Suppose -4*w = -6 - 30. Let a(y) = -7*y + 14. Let l(x) = 8*x - 14. Let j(f) = 3*a(f) + 2*l(f). Calculate the remainder when j(-4) is divided by w.
7
Calculate the remainder when 1207 - ((-21)/(-7) + -3) is divided by 93.
91
Calculate the remainder when 58 is divided by (-4865)/(-119) - (24/68)/(-3).
17
Suppose u - 4 + 4 = 0. Suppose u*f = f - 10. Calculate the remainder when 53 is divided by f.
3
Let l(r) = -r**2 + 5*r + 7. Suppose -2*s - 12 = -2*x, 2*s - 2*x + 12 = -x. What is the remainder when (-4)/s*(-9)/3 + 27 is divided by l(5)?
4
Suppose p - 11 = 5*i, -p + 5*i + 9 = -2*p. What is the remainder when 1 is divided by p?
0
Let v(n) = -2*n + 2. Let s(i) = -3*i + 3. Let q(w) = 3*s(w) - 2*v(w). Let g be q(-4). Calculate the remainder when 95 is divided by g - (-2 + 5 - 2).
23
Let m = 116 - 46. Suppose -b + 3*b = m. Suppose -5*c - 4*i + 56 = 0, -5*c + 4 = -2*i - 58. What is the remainder when b is divided by c?
11
Suppose 0 = -0*l + 3*l - 69. Suppose -8 = -p - l. Let n = p + 18. What is the remainder when 6 is divided by n?
0
Let v = 10 - 8. Let q be 1*(v + 10 - 3). Suppose -q = 5*w + 1, -2*p + 48 = -w. Calculate the remainder when p is divided by 12.
11
Let a = 82 - 62. What is the remainder when 96 is divided by a?
16
Let b(w) = -w**2 + 9*w - 8. Suppose 29 + 17 = -2*g + 4*z, -5*g - 4*z - 59 = 0. Calculate the remainder when 35*((-36)/g)/3 is divided by b(6).
8
Let m(f) = f**2 + 4*f - 5. Let i be m(-8). Suppose -32 = i*d - 29*d. What is the remainder when d is divided by 9?
7
Let h(d) = -2*d**3 + 19*d**2 - 7*d - 10. What is the remainder when 75 is divided by h(9)?
3
Let y(u) = u + 1. Let x(k) = 7*k - 8. Let o(l) = x(l) - 6*y(l). Calculate the remainder when 13 is divided by o(19).
3
Suppose 7*f = 5*f + 168. Suppose 5*x = 5*h + 160, 4*x - h = -f + 218. Let w(r) = r**2 + 7*r - 12. What is the remainder when x is divided by w(-10)?
16
Let r = 137 - 131. Calculate the remainder when 130 is divided by r.
4
Let a = 1713 - 1680. Suppose 4*z - 2*z = 188. Calculate the remainder when z is divided by a.
28
Calculate the remainder when 64 is divided by ((-6)/(-4))/((63/(-154))/(-3)).
9
Let b(v) = v + 9. Let a be b(-5). What is the remainder when 16/(-104) - ((-7920)/26)/a is divided by 11?
10
Suppose -5*b = -117 + 37. Calculate the remainder when 60 is divided by b.
12
Calculate the remainder when 187 is divided by 7 + (10 - (-3 - 14)).
17
Let g = 18 - 7. Calculate the remainder when 44 is divided by g + 10 - (-2)/1.
21
Calculate the remainder when 282 is divided by (-8)/14 - (-7809)/399.
16
Suppose -14*f - 78 = -16*f. Suppose 5*h - 4*b - 100 = 0, -3*h = -2*b + b - 60. Calculate the remainder when f is divided by h.
19
Suppose -4*m = 3*h - 156, -4*m + 4*h = -h - 124. Suppose -3*l - 59 = -2*f, -4*f + 7*f - 71 = l. What is the remainder when m is divided by f?
14
What is the remainder when 72 is divided by 48/(-264) - ((-1524)/33 - -1)?
27
Suppose 0*s - 252 = -3*s. Let x = s + -56. Calculate the remainder when 137 is divided by x.
25
Suppose 45*j + 30*j - 57150 = 0. What is the remainder when j is divided by 85?
82
Suppose -4*v + 49 = 2*t + v, -3*v + 75 = 5*t. Suppose 91 = -u + 2*u. Let y = -46 + u. What is the remainder when y is divided by t?
9
Suppose 0 = 3*s - u - 127, -2*u - 19 + 66 = s. Calculate the remainder when 343 is divided by s.
42
Suppose 65 = -g + 6*g. Suppose 0 = -3*n - 0*n - 237. Let i = -30 - n. Calculate the remainder when i is divided by g.
10
Suppose -2*t = 37*t - 10179. Calculate the remainder when t is divided by 85.
6
Let h(x) = x - 4. Let o be h(4). Suppose o = 3*u - 7*u + 40. Suppose -152*z + 162*z - 370 = 0. Calculate the remainder when z is divided by u.
7
Let u(s) = 6*s**2 - 6*s - 17. Let j(r) = 5*r**2 - 5*r - 16. Let y(m) = 5*j(m) - 4*u(m). What is the remainder when 52 is divided by y(-5)?
16
Let z = 45 + -42. Suppose 2*k = -0*k - 4*q + 36, 2*k - 32 = -z*q. What is the remainder when 38 is divided by k?
8
Suppose 0 = 28*q - 31*q + 729. What is the remainder when q is divided by 35?
33
Suppose 5*r = -5*t + 750, 0 = -t + 5*r - 13 + 157. Suppose 5*f + t - 4 = 0. Let w = -6 - f. Calculate the remainder when w is divided by 13.
10
Calculate the remainder when (3944/(-204))/(-2*(-2)/(-102)) is divided by 55.
53
Let x = 202 - 116. Suppose -2*o - a = -135, -5 + x = o + 5*a. Calculate the remainder when o is divided by ((1530/12)/5)/((-3)/(-2)).
15
Suppose q = 1, -4*o = -3*o + 2*q - 75. Calculate t